 (-8 - -5)) + 3.
3
Calculate -2 + 7 + -2 + (-14 - (5 - 14)).
-2
What is (24 - 2) + -23 + -11 + 25?
13
Evaluate (9 - 0) + 19 + (-33 - -24).
19
What is the value of 56 + -39 + -10 - (26 - -1)?
-20
24 + -3 + -3 + -4 + 0 + 4
18
Calculate -9 - (-15 + -6) - 11.
1
2 + 12 + -13 + (1 - 16)
-14
Calculate -18 - (-18 - (-19 - 10) - 4).
-25
What is the value of 10 - (10 + -19) - (2 - (0 + -5))?
12
What is 6 - -30 - 11 - 19?
6
Calculate (6 - (20 - 12)) + (-3 - -13).
8
What is 3 + -7 + 5 - (3 - (5 - 17))?
-14
Calculate -34 - (19 + -25 + -11).
-17
What is the value of 5 + -8 + 3 - 3 - 3?
-6
What is (53 - 38) + (-6 - 0 - (13 + -17))?
13
What is 12 + (2 - (-2 + 8)) - (9 - 4)?
3
What is -9 + -10 - (7 + (1 - 13))?
-14
Calculate (-1 - 13 - -3) + -7.
-18
Evaluate 17 + -21 + 7 - -12.
15
Evaluate -10 + 5 + (-12 - (5 - 12 - 1)).
-9
What is the value of 0 - -9 - (-3 - (1 + (-27 - -10)))?
-4
Calculate -8 + 14 + (11 - 16).
1
Evaluate 3 + 4 - (-113 + 100).
20
What is the value of 6 - 3 - (-6 + 12) - -5?
2
Evaluate (-3 - -5) + 0 - (22 + -20).
0
1 + 19 + 15 + (-31 - (-8 + -15))
27
What is (-1 - -3) + -1 - (-13 + 1 - -24)?
-11
What is (-19 - -8) + 0 - -9?
-2
-23 + (0 - -15) + -4
-12
What is the value of -7 + -12 + 36 + -4?
13
What is (12 - 13) + (-2 + 0 + 2 - -10)?
9
3 + -6 + 8 + 1 + -9
-3
What is the value of -4 + -21 - (5 + -2 + (-15 - -11))?
-24
9 - (-66 + 33 - -57)
-15
Evaluate (-10 - -1) + 24 - 17.
-2
(6 - -2 - (-2 + 10 + -2)) + 9
11
Evaluate (-6 - (-1 + 3)) + (42 + -23 - 23).
-12
Evaluate -1 + -17 - (3 + -7 - -23).
-37
Calculate (-1 - (4 - 3 - -1)) + -121 + 118.
-6
Evaluate (3 - 1) + 39 + -38 - (6 + 6).
-9
Calculate (-2 - -7) + -4 + -2 + -10 + -3.
-14
Evaluate (0 - 7) + (-4 - (-6 + 2)) + -1.
-8
What is 7 + -1 + 10 + -7 + -1 + -8?
0
Evaluate (3 - 17) + (-7 - (4 + -15)) + -1.
-11
Evaluate (13 + -3 - -7) + -3 - (-2 + -8).
24
Calculate 5 + (-8 - (3 + -5) - -7).
6
40 + -30 + 2 + (2 - -7)
21
What is the value of (5 + (7 - -2) + -2 - 11) + -20?
-19
Evaluate 6 - 17 - (87 - 77).
-21
Evaluate -42 - -28 - -6 - (1 + -4).
-5
What is (0 + -1 - (-144 - -146)) + -14?
-17
What is the value of (5 - 2) + (1 - 23) + 85 + -78?
-12
Evaluate -29 + (-1 - -36) + -6.
0
27 - (-22 - -31) - 12
6
What is the value of -25 - (-5 - (-33 + 6 + 8))?
-39
(-2 - -3) + -18 + -11 + 22 + -1
-7
What is 8 - (33 - 32 - (-4 + 16))?
19
What is the value of (6 - 17) + 34 + -30?
-7
What is 47 + -50 + (-5 - -32)?
24
(14 - 10) + 1 - 2
3
Evaluate (2 - (13 + -1)) + (-342 - -353).
1
Calculate -1 + 7 + -1019 + 1005.
-8
Evaluate 5 - 14 - (2 - 24 - -2).
11
What is the value of (1 - -13 - 10) + (-1 - 0) - -2?
5
-7 - (5 + (13 - 37))
12
What is (-23 - 2) + -46 + 69?
-2
Evaluate 8 + -6 + -5 - 4.
-7
What is the value of 14 - (-10 + 23 + -11)?
12
What is 9 + (1 - -1) - (-93 - -98) - -20?
26
Calculate -13 + 4 - ((0 + -8 - -5) + -2).
-4
(0 - 6 - -10) + (-5 - -3) + 5
7
Calculate -8 + 3 + (-5 + 1 - 13).
-22
-152 + 170 + (-40 - (1 + -3))
-20
Evaluate (-435 - -435) + -4 + -1.
-5
Evaluate 15 + (8 + 0 - 17).
6
Evaluate -15 + (10 + 7 - -7).
9
15 - (9 - (-34 - -37))
9
Evaluate -25 + (28 - (-22 - -11)).
14
What is the value of -28 - -31 - (-31 - -29)?
5
What is the value of -5 + (-2 - -3) - (2 - 4) - -4?
2
What is the value of -1 + (-24 - -11) + 17 + (-2 - -12)?
13
What is the value of (-5 - -4 - 3) + (11 - 4)?
3
Evaluate (-4 - -1) + 5 + (-16 - (0 - 13)).
-1
4 + 22 + (-10 - -2) - 10
8
Calculate (0 - -10 - -3) + 18 + (11 - 29).
13
Calculate (1 - -1 - (-1 - 3)) + -16.
-10
Calculate 0 + -1 + (7 - (-4 + 12)).
-2
(-2 + 0 - 16) + (-13 - -56 - 39)
-14
Evaluate (7 - (0 + -1 - -4)) + 11 + -3.
12
Evaluate (8 - (-21 + 13 - -10)) + (-7 - -18).
17
-9 - (-6 + (-18 - -2) + 2)
11
Calculate -5 + (-31 + 12 - -10) + 0 - 12.
-26
What is the value of (11 - (-13 + 17)) + -6?
1
Evaluate 0 - 21 - (1 + -1 - 9).
-12
(-494 - -475) + (6 - (4 - 1)) + 2
-14
Evaluate -10 + -1 - -27 - -2.
18
(-3 - 0) + (-316 - -303)
-16
80 + -51 + -9 + 14 + -10 + 5
29
What is the value of -8 + -10 + 10 + -24 + 22?
-10
What is (0 - 5) + (7 - (-8 - 8) - 6)?
12
5 - ((31 - (6 - 3)) + (2 - 12))
-13
Evaluate (-4 - 10) + 9 - -15.
10
Evaluate 34 + -21 + 17 - ((5 - -4) + 1).
20
Calculate 0 + -3 - -19 - (2 + 0).
14
Calculate (-29 - -15) + (31 - (-5 - -2)).
20
What is the value of 8 - 5 - (4 - 5)?
4
What is the value of -21 + 35 + 5 + (-1 - -3)?
21
-18 + 20 - ((-6 - -36) + -8)
-20
30 + -14 + (-7 - (-5 - -4))
10
What is the value of 16 + -3 - -5 - (-14 - (-17 + 1))?
16
1 - 1 - (7 + -15 + 25)
-17
Evaluate 8 - ((37 - 0 - 18) + 11).
-22
-30 + (-13 - -52) - -20
29
What is -3 + 47 - (20 + -17 - -12)?
29
Evaluate 5 + (-13 - -16) + -9.
-1
What is the value of 21 + -36 + -10 + 27 - -15?
17
Evaluate -16 + -18 + 27 + (0 - -6).
-1
What is the value of (1 - (6 + (-3 - 2))) + 6 - 6?
0
(-27 - -31) + (3 - 0) - (-7 + 1)
13
What is 41 + -29 + (2 - (12 + -3))?
5
Calculate 5 + 0 + (15 + -32 - -4) - 3.
-11
Calculate -11 + -18 + -16 - (-8 - 1).
-36
-23 - -1 - -59 - 27
10
Calculate 36 - 5 - (84 - 70).
17
What is -1319 + 1283 - (-1 - 40)?
5
-23 - -12 - 22 - -40
7
What is the value of -1224 - -1270 - (-1 - -37)?
10
What is (25 - 15 - 13) + (1 - (2 + -9))?
5
Calculate 1 - -15 - (2 + 4).
10
-11 + -1 + (3 - (-5 + -5))
1
Calculate -16 + (11 - -4 - 19) + (1 - -5).
-14
Evaluate 8 - ((-4 + 3 - 4) + 5).
8
Calculate 3 - (-22 - -21) - 21.
-17
Evaluate -4 - (6 + 1 - 14 - -15).
-12
(22 - -6) + (52 - 71)
9
45 - (12 - (-42 - -41))
32
Evaluate -43 - (19 + -52 - -14).
-24
What is the value of (2 - -15) + 10 + -21?
6
What is 4 - (-1 + -9 + (2 - (-3 - -16)))?
25
What is 0 + -1 + (6 - 6) + 2?
1
-16 + (-28 - -43) + -1 + 2
0
22 + -39 + 19 + -13 + 1
-10
Evaluate (3 - (-3 - (-16 - -20))) + (2 - -1).
13
Evaluate (-34 - 2) + 1 + (261 - 250) - 9.
-33
Calculate (-2 - -18) + (-1 - 21).
-6
What is -13 + 34 + -7 - 5?
9
Calculate 29 + -1 - (-23 + (20 + -27 - -32)).
26
Calculate (-6 - -7) + -20 + 9 - 5 - -2.
-13
-14 + -5 + 27 + -12 + -2 - -4
-2
Calculate -7 + (-9 - (-4 - 10)).
-2
What is 0 - 4 - -1 - (3213 - 3225)?
9
4 - -1 - ((-10 + -7 - -12) + 8)
2
Calculate -10 + 4 - (-1 - (6 + -6 + 3)).
-2
What is the value of -155 + 152 - ((1 - 2) + -9 - -3)?
4
Evaluate -8 + (34 - (48 - 26)).
4
Evaluate -6 + (-4 - (-8 + 0)) + -3 + 4.
-1
-3 + 13 - (-12 - -58 - 9)
-27
(99 - 44) + -52 - (-1 + 37)
-33
Evaluate -4 - 1 - (2 - 28 - -29) - -8.
0
What is 2 + (-18 - (-10 + -2)) + 25?
21
Calculate (-5 - -20) + -1 + -11.
3
What is -64 + 52 - (7 - 31)?
12
(12 + (-3 - -2) - (7 + 8)) + 19
15
Calculate (2 - (2 - -10)) + 4.
-6
What is the value of 2 - (-2 + -11 - (-6 - 7))?
2
What is the value of 1 - ((1 - (-12 + -1)) + 0)?
-13
Calculate -1 + 0 - (-30 - (-12 - (-20 - -13))).
24
What is the value of -18 - (2 - (-5 - 5) - 10 - 1)?
-19
-11 + (3 - (-10 + 0))
2
Calculate (-8 - -2) + (358 - 373).
-21
What is -2 + 1 - (8 - 2 - 5)?
-2
Evaluate 8 + (14 + -6 - 6 - 11) + 10.
9
Calculate -4 + 1 - 10 - -4 - (87 - 116).
20
What is the value of (6 - 12 - 4) + 9 + 10?
9
-5 + 2 - (8 + 0 + -4 + 4)
-11
What is the value of 0 + 10 + 1 + (-72 - -62)?
1
What is the value of (-2 - (-10 - -14)) + -6 + 14?
2
What is 11 + -41 + 20 + 1 + -11?
-20
-6 + -25 + 35 + 0 + (-21 - -1)
-16
1 + 8 + (-24 - (-21 + 21))
-15
What is -11 + -4 + (-54 - -74)?
5
Calculate -4 + (2 - -4) + -3 + 7 + -9.
-3
7 - (19 - (2 - 0)) - -22
12
What is the value of (3 - -5 - 12) + 10 - 17?
-11
Evaluate ((-1 - 5) + 48 + -58 - -5) + 13.
2
Calculate -9 + (17 - -18) - 29.
-3
Evaluate (-5 + -8 - -2) + 13.
2
What is (-2 - 5) + -1 - (4 - -3)?
-15
Evaluate 5 + (-5 - (2 + 1)) - -24.
21
Evaluate -403 + 415 + 3 + (-22 - -1).
-6
Calculate (-7 - (-8 - -1)) + -9.
-9
Evaluate 5 - ((-5 - (-2 - -3)) + 6 + 8).
-3
-14 + 27 + -11 - 14
-12
What is the value of 2 + 10 + 0 + 4 + -9 + 7?
14
What is (8 - 11) + 7 - 14?
-10
Calculate (14 - (-4 + -6)) + -12.
12
Calculate 8 - (-7 - -7 - -9 - 7).
6
What is the value of -1292 + 1288 - (1 - 12)?
7
What is 8 + (-3 + 3 - (3 + 2))?
3
9 - (19 - (-10 - -15)) - 3
-8
Evaluate (9 + -9 - 15) + 1.
-14
Calculate 16 - (3 - 2) - (-32 + (13 - -20)).
14
What is the value of (35 - 27) + 2 + 0 + -12 + 2?
0
What is the value of 49 - 58 - ((0 - 16) + 0)?
7
What is the value of -17 + (79 - 72) - (-3 + 1 + -1)?
-7
What is the value of 3 + 40 + (-94 - -86)?
35
What is 16 + 31 + (36 - 78)?
5
What is the value of -2 + (5 - 9) + 10 + -15?
-11